Let r = -2 + 5. What are the prime factors of 19/r + (-8)/(-12)?
7
List the prime factors of (9/(-27))/((-1)/30).
2, 5
Let q = 26 + 40. Suppose q = 3*b - 0*b. What are the prime factors of b - 1*(-6)/(-2)?
19
Let y be -1*(-1)/(3/15). Suppose -3*q - y*j = -2, -2*j = -3*j - 2. What are the prime factors of q?
2
Let s(i) = 2*i**2 + 11*i + 5. Let g be s(-7). Suppose -r - r = -g. List the prime factors of r.
13
Let h = 24 - 19. Suppose 84 = 5*j - 3*j - h*a, 164 = 3*j + 2*a. What are the prime factors of j?
2, 13
Suppose 4*a - 3*a + 3*f = -20, -5*f + 18 = -2*a. Let b = a - -27. What are the prime factors of b?
13
Suppose 5 = 2*g - 1. Suppose -g*j = -0*j + 3*x - 129, x - 195 = -5*j. List the prime factors of j.
2, 19
Let g = 1 + 57. List the prime factors of g.
2, 29
Let k be 1 - ((-9)/3 - -1). What are the prime factors of 6*k*(1 - 0)?
2, 3
Let b = 27 - 16. Let k = 15 - b. Suppose t - 2*g = -2*t + 34, 0 = 4*g - k. List the prime factors of t.
2, 3
Let u(q) = 20*q**2 - q + 1. Let w be u(1). Suppose 0 = -4*i + w, 3*m = -m + 4*i - 12. Let c = 7 + m. What are the prime factors of c?
3
Let l = 19 + -1. What are the prime factors of l?
2, 3
Let f = 4 + -3. Let x be ((-6)/f)/1*1. Let v = x + 10. List the prime factors of v.
2
Let v be (-1 + -3 + 2)/(-2). Let m(z) = 0*z - v + 3*z**3 - z**2 + 2*z - z. List the prime factors of m(1).
2
Suppose 4*z = c - 23, z + 5 = c - 3. What are the prime factors of (-27)/12*(-8)/c?
2, 3
Suppose -5*y + q - 4*q + 30 = 0, 5*q - 19 = 2*y. Suppose 4*g - 23 = -y*t, 6 - 20 = -3*g + t. List the prime factors of g.
5
Suppose s + 56 = v, -2*s + 9 = v - 59. Suppose 2*r + v = 6*r. List the prime factors of r.
3, 5
Suppose -132 - 402 = -6*y. What are the prime factors of y?
89
Let f = 12 - 13. List the prime factors of (-1)/(-2)*(73 - f).
37
Suppose 4*o + 2*h + 2 = 4, 0 = -4*o - h + 7. Suppose -14 = o*f - 2. Let b = f - -8. List the prime factors of b.
2
Let h = 13 + 24. List the prime factors of h.
37
Let z(s) = 4*s - 19. Let i be z(13). Let m = i - 17. List the prime factors of m.
2
Let q = -20 + 32. What are the prime factors of q?
2, 3
Suppose -9*y + 20 = -7*y. Suppose y + 14 = 4*d. What are the prime factors of d?
2, 3
Suppose -2*a + 4*b + 18 = 0, 5*a - b - 13 = 5. What are the prime factors of a?
3
Suppose -b - 2*s = 6, -3*b - 9 = -2*s + 5*s. Suppose b = 4*j - 4, 127 = -0*l + 3*l + 4*j. List the prime factors of l.
41
Let d be 2 + 1*(1 + -3). Suppose d*l + 3*l = 3. What are the prime factors of (2 + l)*(2 + 1)?
3
Let h(n) = -n**2 - 11*n + 16. Let x be h(-12). Suppose 7 = x*c - 29. What are the prime factors of c?
3
Let c(t) = t**3 - 2*t**2 - 3*t + 1. Let s be c(3). Let h(o) = -o - 4. Let z be h(-8). Suppose 3*i = -v + 23, -5*i = -z*v - 28 + s. List the prime factors of i.
7
Let x be 92/12 + 1/3. What are the prime factors of 82/x + 6/8?
11
Suppose 3*a - 612 = -2*v + a, 0 = -2*v - 5*a + 603. What are the prime factors of v?
3, 103
Let y = 64 - 35. List the prime factors of y.
29
What are the prime factors of 1/(-4) + 196/16?
2, 3
Suppose i - 1 + 0 = 0, -5*i = -2*y + 11. Suppose -3*r = 2*n, -2*n + 2*r = 3*r - y. Suppose -5*o + n = -34. List the prime factors of o.
2
Suppose 1296 = 5*x + 4*x. What are the prime factors of x?
2, 3
Let i = 227 - 153. What are the prime factors of i?
2, 37
Suppose -u + 0*u = -9. Suppose 5*y = 2*m - 14, -4*m - 3*y = -8*m + 14. Suppose 11 + u = m*p. List the prime factors of p.
2, 5
Let i(t) = t + 2. Let b be i(3). Let z = 30 - b. What are the prime factors of z?
5
Let c(h) = -h**2 - 8*h - 3. Let t(z) = -z - 13. Let l be t(-6). What are the prime factors of c(l)?
2
Let g(n) = -n**3 - 7*n**2 + n + 10. Let m be g(-7). Suppose 2*h - m = h. Suppose -4*r - 4*j + 4 = 0, h*r - j - 4 = 11. What are the prime factors of r?
2
Let a(b) be the third derivative of -b**6/120 + b**5/15 - b**4/12 - 2*b**3/3 - 2*b**2. Let r be a(3). What are the prime factors of ((-51)/6 + r)*-2?
19
Let j(v) = -v**3 - v**2 + 4*v - 1. Let d be j(-3). Suppose -o = -5*q - d, 16 = -2*o - 2*q - 10. Let w = 1 - o. List the prime factors of w.
11
Suppose -4*o + 8*o - 68 = 0. List the prime factors of o.
17
Suppose d + 8 = 51. List the prime factors of d.
43
Let h(g) = g**2 + 9 - 6*g - 3*g**2 + g**3 - 2*g - 4*g**2. Let d be h(7). Let q(t) = 5*t**2 - 2*t - 2. List the prime factors of q(d).
2, 7
Let r = 105 - 51. What are the prime factors of r?
2, 3
Let x(p) = -7*p**3 - 6*p**2 - 4*p - 7. Let m(u) = -u**3 - u**2 - u - 1. Let j(o) = -6*m(o) + x(o). List the prime factors of j(-3).
2, 5
Suppose -5*f - 5*a = -285, -4*f + 2*a = -f - 196. List the prime factors of f.
2, 31
Let a(z) = -z**3 - 2*z**2 + 3. What are the prime factors of a(-4)?
5, 7
Let a be (8/10)/(8/(-220)). Let c = -11 - a. What are the prime factors of c?
11
Let m be (1 - 0 - 4)/1. What are the prime factors of 148/(-6)*m/2?
37
Let g(q) = -3*q**2 - 1. Let r be g(1). What are the prime factors of -10*(-3 + (-6)/r)?
3, 5
Let s(c) = c**2 + 10*c - 9. Let j be s(-11). Let f(y) = 4*y**2 - 2*y**2 - 2*y - 1 + 5*y**j - y**2. What are the prime factors of f(-1)?
7
Let w be (-2 - (-1 - -1)) + 4. List the prime factors of (w - -2)*2 + 0.
2
Let g be (-2)/(-9) + 696/27. Suppose -2*v - 51 = 3*v + 3*z, 2*v + 4*z + g = 0. List the prime factors of 4/(-18) - 47/v.
5
Let n be 9*(-6)/(-9) + -1. Suppose -3*j + 8*j = -5*v + 20, 0 = n*j - 3*v - 20. List the prime factors of j.
2
Let a = 5 - 1. Suppose a*h - 5 = -1. What are the prime factors of (1/h)/(6/48)?
2
Let s = 4 - 6. What are the prime factors of s/(-12)*3*46?
23
Let w = -1 + 73. What are the prime factors of w?
2, 3
Let w(i) = i**2 + 13*i. Let m be w(-13). Suppose m = 3*d + 5*b - 50, -b + 2*b = 4*d - 105. What are the prime factors of d?
5
Suppose 0 = -4*k + 5*x + 117, -k + x = -14 - 15. Suppose 0 = 3*w - 9, -2*w - k + 13 = -3*g. Suppose 3*d - g*d = -32. List the prime factors of d.
2
Let g be 8 + 2 + (-4)/2. Let t = g + -5. What are the prime factors of -10*(-1)/2*t?
3, 5
Let i = 83 + -50. What are the prime factors of i?
3, 11
Suppose -3*b + 35 = -b - 5*j, b - 10 = -5*j. Let m = b + -10. Suppose 2*n = m + 3. List the prime factors of n.
2
Let f(o) be the first derivative of o**3/3 + 3*o**2 - 4*o + 3. What are the prime factors of f(-8)?
2, 3
Suppose 3*g + 610 = 4*w + 225, w - 4*g - 80 = 0. List the prime factors of w.
2, 5
Let t(f) = 3*f**2 + 8*f + 4. What are the prime factors of t(-5)?
3, 13
Let g = -4 - 1. What are the prime factors of g*(-1 + (-8)/20)?
7
List the prime factors of 46 + (4 - (-3 - -4)).
7
Suppose 4*b - 92 - 44 = 0. What are the prime factors of b?
2, 17
Suppose 740 = -7*r + 11*r. What are the prime factors of r?
5, 37
Suppose -11*s + 5*s = -24. What are the prime factors of s?
2
Suppose -2*o + 10 = 2. Suppose j - o - 9 = 0. What are the prime factors of j?
13
Let y(r) = 5*r + 5 + r**2 - 4*r**2 + 2*r**2. Let i(v) = -v**2 + 7*v + 5. Let a be i(7). What are the prime factors of y(a)?
5
Let w = 1 + 2. Suppose d - w*d - 10 = 0. Let p = 15 + d. What are the prime factors of p?
2, 5
Let f(c) = 3*c - 18. Let h be f(6). Let m(k) = k**2 - 7*k + 6. Let b be m(6). Suppose h*j + 3*x + 48 = 3*j, b = j - 4*x - 25. List the prime factors of j.
13
Suppose -65 = -2*o - o + 4*k, 5*o - 85 = 2*k. Let y = o + -11. Suppose -y = -w + 5. List the prime factors of w.
3
Let g = -1 - -11. Suppose -4*a + 0*a = -2*p - 48, 0 = -a - 5*p - g. What are the prime factors of a?
2, 5
Let i(j) = -2*j + j**3 - j**2 - 2*j + 0*j - 1. Let c be ((-18)/(-15))/(2 + (-16)/10). List the prime factors of i(c).
5
Let a(c) = c**3 + 10*c**2 - 3*c - 14. What are the prime factors of a(-10)?
2
Suppose 38 = 3*n - 2*n. Suppose 3*o - 82 = -4*r - 5, 4*o = -2*r + 106. Let f = n - o. List the prime factors of f.
11
Suppose 0 = 2*z - 5*y - 105, -y + 35 = z - 0*y. What are the prime factors of z?
2, 5
Let p(j) = -j + 10. Let w be p(8). Suppose 0 = -w*z + 53 + 49. Suppose -z = -5*m + 2*m. What are the prime factors of m?
17
Let r be (-2)/7 + (-406)/(-49). Suppose 5*q + r = 3*f, -f + 0*q = q. List the prime factors of (1/f)/(2/6).
3
Let z(r) = -r**3 + r. Let b be z(-1). Suppose m + m - 12 = b. What are the prime factors of m?
2, 3
Suppose 2*l + 105 = 27. What are the prime factors of (-8)/6 + (-637)/l?
3, 5
Suppose 5*v = 127 + 643. What are the prime factors of v?
2, 7, 11
Suppose 5 = 